(o) = -o**2 - o. Let x(v) = -v**2 - 2*v - 1. Let l(g) = -2*k(g) + x(g). What is l(q)?
3
Let r(h) = 2*h - 1. Let m(a) = a**3 - 4*a**2 + a + 1. Let q be m(4). Suppose -23 - 1 = -3*f. Let b = f - q. Calculate r(b).
5
Let w(b) be the second derivative of -b**5/40 - 3*b**4/8 - 7*b**3/6 + 4*b. Let r(f) be the second derivative of w(f). Calculate r(-6).
9
Let n(x) be the third derivative of -x**6/120 + x**5/10 + 5*x**4/24 + 5*x**3/6 + 26*x**2. Calculate n(7).
-9
Let o(s) be the first derivative of -3*s**2/2 - 7. Determine o(1).
-3
Let l = 16 - 22. Let j(k) = -k**3 - 7*k**2 - 6*k - 3. Let y be j(l). Let d be (-8)/y*6/4. Let p(q) = q**3 - 3*q**2 - 3*q + 3. What is p(d)?
7
Let k(p) = -4*p**2 + 5*p - 3. Let x(o) = -o**2 - 1. Let l(v) = -k(v) + 5*x(v). What is l(-5)?
-2
Let l(x) = -x**2 - 16*x - 17. Let n be l(-14). Suppose n*z - 8*z - 9 = 0. Let s(i) = -i**3 + 5*i**2 - 2*i - 2. Calculate s(z).
10
Let s(p) = p**2 - p - 1. Let l(j) = -7*j**2 + 14*j + 5. Let z(x) = l(x) + 6*s(x). Determine z(8).
-1
Let u be 4/1*(-2)/(-2). Suppose 0 = -2*q - u*b - 2, 3*q = -2*b + b - 3. Let r(h) = -6*h**2 - h. Give r(q).
-5
Let b be 24/15 - 4/(-10). Let g(v) be the second derivative of -1/12*v**4 + 3/2*v**2 + 0 - 2*v - 1/3*v**3. Give g(b).
-5
Let k(t) = -t**3 + t**2 - 2*t + 2. Let i(f) = 3*f**3 - 4*f**2 + 6*f - 5. Let v(w) = -4*i(w) - 11*k(w). Give v(4).
6
Let m(s) = s**3 - 5*s**2 + 5*s + 1. Let y be m(4). Let b(f) = -f**2 + 7*f + 4 + 9*f + 9*f - 21*f. Calculate b(y).
-1
Let y be (-1 - (-6)/9)*0. Let b(i) = 6. Let z(j) = j**2. Let w(m) = -b(m) + z(m). What is w(y)?
-6
Suppose 3*c - 15 = -0*c. Suppose -c*j = -7 - 8. Let g(d) = -6*d + 2. Let s(o) = 13*o - 4. Let m(u) = -7*g(u) - 3*s(u). Give m(j).
7
Let f(i) = -4*i - 13. Let x(k) be the first derivative of -k**2/2 - 4*k + 3. Suppose 2*b + 3*b = -10. Let n(q) = b*f(q) + 7*x(q). Give n(4).
2
Suppose -l - 21 + 4 = -3*v, 0 = v - l - 7. Suppose 15 = -10*w + v*w. Let o(s) = s**3 + 3*s**2 - s + 4. Calculate o(w).
7
Let p(s) = -s - 5. Let m(q) = q + 6. Let f(b) = -4*m(b) - 3*p(b). Calculate f(-9).
0
Let i(f) = -3*f + 5*f - 7*f - f**2. What is i(-6)?
-6
Let b(w) = -3*w - w**2 + 2*w**2 + 5*w. What is b(2)?
8
Suppose 7*j = 9 + 5. Let f(o) = 2*o**2 + 2*o - 3. Determine f(j).
9
Let j(c) be the third derivative of -c**6/120 - c**5/12 - c**4/8 - 2*c**3/3 - 6*c**2. Calculate j(-4).
-8
Let a(t) = -4*t + 4 - 4*t**3 + t - 2*t + 2*t**2. Let w(x) = x**3 + x - 1. Let r(b) = a(b) + 5*w(b). Determine r(1).
2
Let l = 2 + 0. Let m(f) be the third derivative of 2*f**2 + 0 - 1/24*f**4 + 1/6*f**3 - 1/120*f**6 + 1/60*f**5 + 0*f. Determine m(l).
-5
Suppose -5*n - 5*l = -20, -3*n - 20 = -6*l + l. Suppose n = 7*z - 6*z + 5. Let m(h) = h**2 + 4*h - 3. Determine m(z).
2
Let t(x) = 7*x**2 + x + 7. Let b(o) = -3*o**2 - o - 3. Let p(j) = 9*b(j) + 4*t(j). Determine p(6).
7
Let d(x) = x**2 - 4*x - 5. Let i = 7 - 3. Let h be (10/i)/((-2)/(-4)). Calculate d(h).
0
Let w(u) = -u**2 + 6*u + 4. Let k(z) = -2*z**3 - 2*z**2 - 1. Let g be k(-2). Determine w(g).
-3
Let w(p) = p**3 + 5*p**2 - p + 4. Suppose -3*l = 0, -8 = -4*f - 0*f + 4*l. Suppose 0 = -5*m + f*j - 35, 6 = -4*j + 26. Give w(m).
9
Let d(l) = l**2 + 5*l - 2. Let m(s) = -2*s**2 - 10*s + 5. Let t(k) = -7*d(k) - 4*m(k). What is t(-5)?
-6
Let v be (-4 - -12)*(-3)/(-6). Suppose v*y = y + 6. Let c(i) = -i**2 - i**3 + 5*i**3 + y*i**3. Determine c(1).
5
Let c(v) = v - 2. Let g be c(4). Let i(y) = -6*y**2 + 0*y**g + y**2. Calculate i(1).
-5
Let x(q) be the second derivative of -q**5/20 - 7*q**4/12 + 3*q**3/2 + 2*q**2 - 22*q. Give x(-8).
-4
Let o(g) = 7 + 3*g**3 + 2*g - g - 2*g**3 - 5*g**2 - 3. Calculate o(3).
-11
Let o(y) = y**3 - 3*y**2 + 4*y - 3. Let u(p) = p**2 - 9*p + 2. Let b be u(8). Let k be b/(-4) + 3/6. Give o(k).
1
Let g(r) = 7*r + 1 - 8*r + 4*r**3 - 4*r**2 - 5*r**3. Give g(-3).
-5
Let r(h) be the first derivative of 0*h**3 + 7/4*h**4 + 0*h**2 + 0*h - 2. Calculate r(1).
7
Let z = -275 - -277. Let n(g) be the first derivative of -g**6/360 + g**5/24 - g**4/24 + g**3/3 - 1. Let c(y) be the third derivative of n(y). Calculate c(z).
5
Let g(h) = 4*h - 3. Let p = 10 + -8. Let n be g(p). Let j(w) = w**2 - 6*w + 2. Determine j(n).
-3
Let d(l) = -l + 4. Suppose 0*f + 2*f - 5*r = 95, -111 = -3*f - 3*r. Let u be f/10 + (-4)/(-2). Calculate d(u).
-2
Let i(v) = 7 + 5 - 4 + 0*v + 2*v. Determine i(-6).
-4
Let a(d) = 4*d - 2. Let l be (-6)/(-4 + 3 - 0). Let s(n) = -n**3 + 5*n**2 + 6*n + 2. Let z be s(l). Give a(z).
6
Let y(g) = 2*g**2 + 3*g + 2. Suppose -3*s = -1 + 7. Calculate y(s).
4
Suppose 2*o = o. Let a(p) = 0 + o + 4*p + 1. Let i(z) = z**2 - 8*z - 7. Let u be i(9). Calculate a(u).
9
Let a(o) = o + 1. Suppose -73*x + 5 = -78*x. Calculate a(x).
0
Let j(y) = 48*y**2 - 47*y**2 + 6*y + 0 - 1. Give j(-6).
-1
Let n(z) = z - 3. Suppose 0 = 4*o - o - 12. What is n(o)?
1
Let y(o) = -11 + 2*o**2 + o**3 + o + 1 + 9. Let n be -2 - (1 - 1)/(-2). Give y(n).
-3
Let c(i) = -2*i - 10. Let q(n) = n + 1. Let t(k) = -c(k) - 4*q(k). Calculate t(7).
-8
Let o(t) = t + 9. Let u = 7 - 7. Let g be (u/(-1 - 2))/(-2). Give o(g).
9
Let d(x) = 10*x**3 - 5*x**2 + 4*x - 3. Let n(h) = 31*h**3 - 14*h**2 + 11*h - 8. Let t(w) = -8*d(w) + 3*n(w). Give t(1).
12
Let t(v) = v**3 - 7*v**2 + 3*v + 8. Suppose 0 = 6*y - 2*y - 8. Suppose -b + 18 = y*b. Calculate t(b).
-10
Let d be ((-17)/3)/1 - (-2)/(-6). Let z(j) = -j**2 - 5*j + 5. Calculate z(d).
-1
Let n(u) = -2*u + 6. Let t(x) = -x - 4. Let p be t(-10). Give n(p).
-6
Let f(k) = k**3 - 4*k**2 - 6*k - 3. Suppose 10*p + 3*p = 65. What is f(p)?
-8
Let p(f) = 2*f + 2*f + 2*f. Let q(w) = 25*w + 1. Let m(j) = 9*p(j) - 2*q(j). Let v = -7 + 10. Determine m(v).
10
Let w(n) = 2*n**2 - 5*n. Let i be 1 + 1 - 8/(-12)*3. Calculate w(i).
12
Let q(w) be the second derivative of w**5/20 + 5*w**4/12 - 7*w**3/6 - 3*w**2/2 - 14*w. What is q(-6)?
3
Let p = 6 - 0. Let x(m) = -m + 7. Give x(p).
1
Let o(b) = 11 + 3*b - 5 + 5. Let g(w) = -w - 1. Let j(y) = -4*g(y) - o(y). Give j(6).
-1
Let h(d) = d**3 + 5*d**2 + 1. Let k = -5 - -15. Let s = -15 + k. Determine h(s).
1
Let q(g) be the second derivative of g**3/6 + g**2 - g. Let r(f) = -f + 4. Let y be r(-5). Suppose -y*x - 20 = -4*x. What is q(x)?
-2
Let g(r) = r + 5. Let l(b) = -2*b - 11. Let q be l(-8). Determine g(q).
10
Let c(o) = -o + 4. Let h be c(-7). Let g = h + -9. Suppose -4*z + 2 - 1 = -3*v, z - g*v - 4 = 0. Let s(y) = 3*y**2 + y - 1. Calculate s(z).
9
Let p(w) = w**2 + 2*w - 1. Suppose -21 + 6 = 5*m. Calculate p(m).
2
Let h(y) = -y + 7. Suppose 3*a + 28 = 7*a. Calculate h(a).
0
Let d = -1 - 0. Let m(c) be the first derivative of c**6/120 - c**5/60 - c**4/24 - c**3/3 + 4. Let w(r) be the third derivative of m(r). Calculate w(d).
4
Suppose 0*i + 18 = i. Let c(o) = o + i*o**3 + 0*o + 2 + o**2 - 3 - 9*o**3. Give c(1).
10
Let w(o) = 3 + 3*o + 4 - 3. Let h(i) = i + 5. Let k be h(-9). Give w(k).
-8
Let d be -3 - (-3)/(3 - 4). Let h = d + 8. Let g(z) = z - 2. Give g(h).
0
Let a = -322 + 324. Let q(s) = -5*s**3 + 1 - 3*s + 4*s**3 + 2*s**2 + 0. Give q(a).
-5
Let x(f) = -3*f - 4 - 15*f**3 + 9*f**3 + 5*f**3 + 0*f - 4*f**2. Suppose 5*u = -2 + 27. Let r = -9 + u. Calculate x(r).
8
Let o(p) be the first derivative of -p**4/12 + p**3/6 - p**2/2 - p + 2. Let d(s) be the first derivative of o(s). Determine d(1).
-1
Let x(o) = -7*o + 1. Let u(j) = 15*j - 2. Let v(k) = 4*u(k) + 9*x(k). Calculate v(2).
-5
Suppose -3*q - 2 = 1. Let w = -5 - q. Let b(j) = j**2 + 3*j + 6. What is b(w)?
10
Let f(n) = n + 3. Let t(p) = -3*p - 34. Let d be t(-10). What is f(d)?
-1
Let i = -11 + 17. Let b(y) = -y - 1. Give b(i).
-7
Let u be (-3)/(-1)*(-16 - -14). Let g(j) = -j - 9. Determine g(u).
-3
Suppose 5*r - 30 = 5*l, 2*l - 1 - 17 = -4*r. Let k(m) = 3*m + 2. Let d(y) = y + 1. Let c(v) = l*k(v) + 2*d(v). Give c(2).
-2
Let d(v) = 13 - 6 - 12 + v - 2*v. Let m = 1 + -1. Determine d(m).
-5
Let l be (-2)/7 + (-32)/(-14). Let p(h) = -5 - 2*h**2 + 3*h**l + 0 + 5*h. Let g = -5 + 0. Determine p(g).
-5
Let n(w) be the third derivative of -w**4/8 + w**3/6 - 24*w**2. Give n(-1).
4
Let w(g) = 4*g - 6*g + g**2 - 3 + 5*g. Let i be ((-4)/6)/((-28)/(-126)). Give w(i).
-3
Let g(h) be the third derivative of -h**6/120 + h**4/24 + h**3/2 - 20*h**2. What is g(0)?
3
Let i = -17 - -24. Suppose -2*r + i*r - 20 = 0. Let t be 1/(-2 - (-10